l - 2848. Is p composite?
False
Suppose 0 = -5*i + y - 6*y + 168080, 0 = 3*i - 3*y - 100866. Is i composite?
False
Let i = -5 + 11. Let z be (-3 + 1)*i/4. Is 360/5 - (1 + z) a composite number?
True
Let r(j) = j**2 - 6*j - 5. Suppose -5*z + 2*z + 21 = 0. Let c be r(z). Suppose 0 = 4*q - 2*q - 6, 5*n = c*q + 1849. Is n a composite number?
True
Suppose 5*h + 0 = -20, -2*f = 5*h + 10. Suppose x - 87 = 12. Suppose 3*a + x = 4*q, f*q + 3*a = 6*a + 120. Is q prime?
False
Suppose -4*x + 8737 + 15747 = 0. Is x prime?
True
Suppose 4*m - 60 = -2196. Let r = 1055 + m. Is r a prime number?
True
Suppose -4*t - 15592 = -12*t. Let m = t + 338. Is m a prime number?
True
Suppose 3*s - 12 = 0, 2*s + 64 = 2*t + 7*s. Let b(n) = n**3 - 21*n**2 + 15*n - 27. Is b(t) a composite number?
False
Suppose -2*g - 2199 = -17245. Suppose 5*o = 2082 + g. Is o a prime number?
False
Is (1 - 3 - 3516)/(71 + -73) a prime number?
True
Let o = 17 - 10. Suppose -2*z = -o*z - 5*q, 8 = z - 3*q. Suppose -z*f + 48 = -4*t - 258, 2*f - 301 = 5*t. Is f composite?
False
Suppose -u = -4, 3*u + 4 = -3*c + 10. Let g be (136/12)/(c/24). Let o = g + 215. Is o a prime number?
True
Let b(d) = d**3 + 19*d**2 + 26*d + 11. Suppose 3*q = q - 30. Is b(q) composite?
False
Let i = 30542 + -8895. Is i prime?
True
Suppose 2*x - 2 = 2*s, -x - 2 = -2*s - 0. Let c(b) = 8*b**3 - 5*b**s - 5 - 4*b**3 - 5*b**2 - 4*b. Is c(-6) composite?
True
Suppose 8*l - 10*l + 211 = -5*c, -559 = -5*l + 2*c. Is l prime?
True
Let u = 277 - 445. Let m = u - -605. Is m composite?
True
Suppose -230539 = -18*q + 586463. Is q composite?
False
Let u = -980 + 4251. Is u composite?
False
Let i be 7040/6 - (-4)/(-12). Suppose 11*p - i = 8*p. Is p a composite number?
True
Suppose 0 = 3*a + 5*t - 2*t - 15, -5*a + 4*t - 11 = 0. Let i be a/(-5) + 3672/(-15). Let s = -163 - i. Is s composite?
True
Let b be 10*(0 - (0 - -1)). Let p = b - 10. Let r = 51 + p. Is r a prime number?
True
Let l(w) = w**3 + 3*w + 51. Is l(8) prime?
True
Let u be (-24)/16*(-4)/3 - 2. Suppose -3*o - 5*m + 967 = u, 3*m = -2*o + m + 638. Is o a prime number?
False
Let m be -1*(3 + -2 + -1). Suppose 3*q + m*t - 24 = 2*t, 2*q - 17 = t. Is q composite?
True
Is (-14217)/(-35) + 2/(-10) + 1 a composite number?
True
Let f be ((-6)/(-9))/(4/(-18)). Let s be (-15)/f + (-3 - -2). Suppose s*m = 186 + 250. Is m a composite number?
False
Is -2669*(27/(-63) + 12/(-21)) composite?
True
Let x = -278 + 713. Suppose -4*l - x = -2099. Let g = l - 261. Is g a prime number?
False
Suppose 7*j = 4*j - 2*a + 62103, -4*a + 82808 = 4*j. Is j prime?
False
Let y(b) = -b + 4. Let i be 1/((-3)/(4 + -13)). Let f be y(i). Let w(z) = 251*z**3 - 2*z**2 + 2*z. Is w(f) a composite number?
False
Suppose -2*t = c - 355 + 16, t + 1392 = 4*c. Is c a composite number?
False
Let n = -35 - -38. Suppose f = -4, -s + n*f - 335 = 2*f. Let k = s - -533. Is k composite?
True
Let c = -74 + 5095. Is c a composite number?
False
Suppose -4*h = 0, 3*r + 2 = 2*h - 7. Let c(a) = -641*a - 14. Is c(r) a prime number?
False
Suppose 4*v + 88 = -4*v. Let l(m) = 2*m**2 + 6*m + 9. Is l(v) prime?
False
Let p = -7 + 12. Suppose -5*m + 0*f + p*f + 30 = 0, 0 = -2*m + 4*f + 20. Suppose 0 = -m*z + 673 + 153. Is z a composite number?
True
Is -4 - (-52441 + (0 - -1)*4) a composite number?
False
Let a = -44 + 37. Let u(v) = -51*v + 22. Is u(a) prime?
True
Let k be ((-24)/(-1))/(0 - -2). Let j = 9 - 27. Is j/k*(-1594)/3 composite?
False
Let n(h) = 3*h**2 - 93*h + 101. Is n(-45) a prime number?
False
Let n = -84 - -418. Suppose 2*v + n = 1496. Is v a prime number?
False
Suppose -4*g + 2*b = 20, -20 = 5*g - g + 5*b. Let j(a) = a**2 - 5*a - 4. Let p be j(g). Let u = 187 + p. Is u a prime number?
True
Suppose -7*l - 630 = 476. Let g = l + 311. Suppose -5*k + g = -592. Is k prime?
True
Is 6/(-36) + (-13670)/(-12) composite?
True
Suppose 72*k = 70*k + 7298. Is k prime?
False
Is 2/(-2)*-6604 + 5*-1 a prime number?
True
Let m(q) = q**3 - 7*q**2 + 6*q - 7. Suppose -1 = b, -3*r + 3*b + 47 = r. Is m(r) prime?
False
Suppose 0 = -3*i - 3*v + 35487, -160*v = -2*i - 156*v + 23646. Is i prime?
True
Let h(a) = 5 - 54*a - 22*a + 4*a + 9*a. Let s be h(-3). Let i = -81 + s. Is i prime?
True
Let y(v) = 1288*v + 125. Is y(3) composite?
False
Let k(s) = s**3 + 21*s**2 - 20*s + 49. Let i be k(-22). Suppose -i*d + 3514 = 2*d. Is d prime?
False
Let c(k) = -1. Let v(y) = -57*y. Let a(x) = -5*c(x) - v(x). Let q(r) = -r**3 - r**2 + 3*r + 4. Let z be q(0). Is a(z) composite?
False
Suppose 0 = -8*x + 4*x - 48. Let j = -7 - x. Suppose 5*w = j*r + 3170, 3*r + 451 = w - 189. Is w prime?
True
Let p be -1 - (-1)/((-2)/(-10)). Suppose 4*k + 1652 = 4*o, -2*o + p = -4*o. Let m = 714 + k. Is m composite?
True
Let i be (-3)/(-4) - (-5 + 3844/(-16)). Let r = i + -127. Is r composite?
True
Let v = 763 + 2596. Is v composite?
False
Suppose 0*t + 4481 = 2*b + 3*t, -5*b + 11165 = -5*t. Suppose -b = -10*m + 2274. Is m a composite number?
True
Let t(p) = -2*p**3 + 3*p**2 - p - 5. Let m = 6 + -9. Let q(r) = 3*r**3 - 2*r**2 + 2*r + 6. Let h(a) = m*q(a) - 4*t(a). Is h(-7) composite?
True
Let v(r) = -r**3 + 7*r**2 - 5*r - 4. Let u be v(6). Let i be 5*(6/5)/u. Suppose -i*j + 254 = -j. Is j prime?
True
Let c = 2266 - -211. Is c a prime number?
True
Is (-15)/30 - 159/(-6)*3 a composite number?
False
Let h(b) = -b**3 + 4*b**2 + 4*b. Let s(x) = x**2 + 3*x - 8. Let t be s(-4). Let f be h(t). Is (33/12)/(4/f) prime?
False
Suppose 4*o = 2*t + 14, 2*o + 19 = 4*o - 5*t. Suppose 3*u + o*u = -30. Is -97*(2 + u/2) prime?
True
Let l(i) = -76*i - 23. Let d(u) = -3 + 3*u + 5 + 4. Let q be d(-6). Is l(q) composite?
True
Suppose -4*s = 2*k - 20150, -2*s + 32673 + 7645 = 4*k. Is k a prime number?
False
Suppose 3*f + 640294 = 5*z, -2*z - 11*f + 8*f = -256105. Is z prime?
False
Suppose 2*c + 3*p = 209, -6*c - p + 433 = -2*c. Let n = c - 71. Is n composite?
True
Let w(i) be the third derivative of 0 - 1/2*i**3 + 21/8*i**4 + 0*i + 4*i**2. Is w(2) composite?
True
Let z(v) = v**3 - 16*v**2 + 4. Let b be z(16). Suppose 14712 = b*h - 1060. Is h a composite number?
False
Let g = -764 + 382. Let n = 2635 + g. Is n prime?
False
Suppose -102040 - 18072 = -16*s. Is s prime?
True
Is 0 + 394 + 4 + -1 a prime number?
True
Let c(y) = -3*y**2 - 4*y + 499. Is c(0) a prime number?
True
Suppose 5*g - 1009 = -334. Suppose -g = 2*o + 3*b, 3*o + 6*b = 3*b - 198. Let j = 784 + o. Is j a prime number?
False
Let n = 2264 + 32045. Is n prime?
False
Suppose 6 - 2 = 2*k. Suppose 2*j = -k*j + 4. Let g = 3 - j. Is g a composite number?
False
Let u = 5414 + -1263. Is u prime?
False
Suppose -83*x + 87*x = 5*p + 93201, 116497 = 5*x - 2*p. Is x a composite number?
True
Let w be 4/((-16)/(-12)) + -1. Let r(a) = 5 + w - 13*a - 1. Is r(-7) a composite number?
False
Let v be -298*(0 - 4/8). Let q = 182 + v. Is q a composite number?
False
Suppose -5*z + 8 = -3*z. Suppose 1005 = -5*s - 5*n, -198 = s + z*n - 0*n. Let x = -133 - s. Is x prime?
False
Let b(c) = 32*c**2 + 15*c - 8. Let j be b(-7). Let w(x) = x**3 + 6*x**2 + 3*x - 7. Let l be w(-5). Suppose l*k - j = -2*k. Is k composite?
True
Let c(b) = -2088*b + 13. Is c(-1) prime?
False
Let m(c) = -7*c**3 + 14*c**2 + 34*c - 7. Is m(-10) a prime number?
True
Suppose 9*o - 4 = 41. Suppose 5*h - 4394 = -2*n + o*n, -3*h - 2*n = -2625. Is h prime?
True
Suppose -g - 3*g + 20 = 0. Suppose -g*m = -6*m + 2467. Is m a prime number?
True
Suppose j = -m + 18177, 20*j = 17*j + 2*m + 54551. Is j a composite number?
False
Suppose -5*s + 3*s - 18 = 0. Is 662/(-8)*(s - -5) a composite number?
False
Suppose i = -0*i + 5*p + 14, 5*p = 2*i - 28. Let v = -75 + 53. Is v/4*i/(-1) composite?
True
Suppose 0 = -2*u + 11*q - 10*q + 10989, -u - 4*q = -5517. Is u prime?
False
Suppose 17*b + 30421 = 237600. Is b a composite number?
True
Suppose -6 - 9 = -3*m. Suppose -3*s = x + s - 98, 2*x - m*s = 209. Suppose -x = -o + 577. Is o a prime number?
False
Let w(p) = -33*p - 5 + 1 - 1574*p. Let a be w(2). Is (-14)/(-63) - a/18 prime?
True
Let p(c) = 14*c**2 + 19*c - 56. Is p(11) prime?
True
Suppose -19*s + 15*s = -3932. Let u = s - 676. Is u a composite number?
False
Let z be 0/(2/(-6)*-3). Is (3 - (-359 + -5)) + z + -2 composite?
True
Is (-15)/(-25) + 8/(-5) - -3668 composite?
True
Suppose -4*f + 4 = -16. Suppose -10*v = -3431 + 181